{"id":2,"date":"2026-01-13T06:26:04","date_gmt":"2026-01-13T06:26:04","guid":{"rendered":"https:\/\/manifesta.cat\/?page_id=2"},"modified":"2026-01-13T12:12:15","modified_gmt":"2026-01-13T12:12:15","slug":"sample-page","status":"publish","type":"page","link":"https:\/\/manifesta.cat\/","title":{"rendered":"manicura"},"content":{"rendered":"\n<div class=\"gb-element-bbb73df4\" style=\"--inline-bg-image: url(https:\/\/manifesta.cat\/wp-content\/uploads\/2026\/01\/allison-christine-vPrqHSLdF28-unsplash-scaled.jpg)\">\n<h1 class=\"gb-text gb-text-c6f70d0a\">manifesta<\/h1>\n<\/div>\n\n\n\n<div class=\"gb-element-696d0acb\">\n<div class=\"gb-element-bde9c12e\">\n<div class=\"gb-element-1ae42035\">\n<h3 class=\"gb-text\">Reserva la teva cita!<\/h3>\n\n\n\n<h4 class=\"gb-text-cb6ad2e9\"><span class=\"gb-shape\"><svg aria-hidden=\"true\" role=\"img\" height=\"1em\" width=\"1em\" viewBox=\"0 0 448 512\" xmlns=\"http:\/\/www.w3.org\/2000\/svg\"><path fill=\"currentColor\" d=\"M380.9 97.1C339 55.1 283.2 32 223.9 32c-122.4 0-222 99.6-222 222 0 39.1 10.2 77.3 29.6 111L0 480l117.7-30.9c32.4 17.7 68.9 27 106.1 27h.1c122.3 0 224.1-99.6 224.1-222 0-59.3-25.2-115-67.1-157zm-157 341.6c-33.2 0-65.7-8.9-94-25.7l-6.7-4-69.8 18.3L72 359.2l-4.4-7c-18.5-29.4-28.2-63.3-28.2-98.2 0-101.7 82.8-184.5 184.6-184.5 49.3 0 95.6 19.2 130.4 54.1 34.8 34.9 56.2 81.2 56.1 130.5 0 101.8-84.9 184.6-186.6 184.6zm101.2-138.2c-5.5-2.8-32.8-16.2-37.9-18-5.1-1.9-8.8-2.8-12.5 2.8-3.7 5.6-14.3 18-17.6 21.8-3.2 3.7-6.5 4.2-12 1.4-32.6-16.3-54-29.1-75.5-66-5.7-9.8 5.7-9.1 16.3-30.3 1.8-3.7.9-6.9-.5-9.7-1.4-2.8-12.5-30.1-17.1-41.2-4.5-10.8-9.1-9.3-12.5-9.5-3.2-.2-6.9-.2-10.6-.2-3.7 0-9.7 1.4-14.8 6.9-5.1 5.6-19.4 19-19.4 46.3 0 27.3 19.9 53.7 22.6 57.4 2.8 3.7 39.1 59.7 94.8 83.8 35.2 15.2 49 16.5 66.6 13.9 10.7-1.6 32.8-13.4 37.4-26.4 4.6-13 4.6-24.1 3.2-26.4-1.3-2.5-5-3.9-10.5-6.6z\"><\/path><\/svg><\/span><span class=\"gb-text\"><a href=\"https:\/\/wa.me\/34613388936\">+34 613 38 89 36<\/a><\/span><\/h4>\n<\/div>\n<\/div>\n\n\n\n<div class=\"gb-element-0667de99\">\n<h1 class=\"gb-text gb-text-56e7aa0c\">Creiem que la manicura \u00e9s m\u00e9s que una simple rutina de bellesa. <\/h1>\n\n\n\n<h2 class=\"gb-text gb-text-6e96cc6a\">\u00c9s un moment per gaudir de la qualitat, un detall que reflecteix la teva personalitat. <\/h2>\n\n\n\n<h3 class=\"gb-text gb-text-9b3927d6\">Ens centrem en cada l\u00ednia, cada detall, per oferir-te un servei impecable, on la delicadesa es combina amb l&#8217;aud\u00e0cia de l&#8217;estil. <br>No busquem la rapidesa, sin\u00f3 l&#8217;excel\u00b7l\u00e8ncia en cada un dels nostres serveis, perqu\u00e8 les teves mans mereixen el millor.<\/h3>\n<\/div>\n<\/div>\n","protected":false},"excerpt":{"rendered":"<p>manifesta Reserva la teva cita! +34 613 38 89 36 Creiem que la manicura \u00e9s m\u00e9s que una simple rutina de bellesa. \u00c9s un moment per gaudir de la qualitat, un detall que reflecteix la teva personalitat. Ens centrem en cada l\u00ednia, cada detall, per oferir-te un servei impecable, on la delicadesa es combina amb &#8230; <a title=\"manicura\" class=\"read-more\" href=\"https:\/\/manifesta.cat\/\" aria-label=\"M\u00e9s informaci\u00f3 sobre manicura\">Llegiu m\u00e9s<\/a><\/p>\n","protected":false},"author":1,"featured_media":0,"parent":0,"menu_order":0,"comment_status":"closed","ping_status":"open","template":"","meta":{"footnotes":""},"class_list":["post-2","page","type-page","status-publish"],"_links":{"self":[{"href":"https:\/\/manifesta.cat\/index.php?rest_route=\/wp\/v2\/pages\/2","targetHints":{"allow":["GET"]}}],"collection":[{"href":"https:\/\/manifesta.cat\/index.php?rest_route=\/wp\/v2\/pages"}],"about":[{"href":"https:\/\/manifesta.cat\/index.php?rest_route=\/wp\/v2\/types\/page"}],"author":[{"embeddable":true,"href":"https:\/\/manifesta.cat\/index.php?rest_route=\/wp\/v2\/users\/1"}],"replies":[{"embeddable":true,"href":"https:\/\/manifesta.cat\/index.php?rest_route=%2Fwp%2Fv2%2Fcomments&post=2"}],"version-history":[{"count":43,"href":"https:\/\/manifesta.cat\/index.php?rest_route=\/wp\/v2\/pages\/2\/revisions"}],"predecessor-version":[{"id":92,"href":"https:\/\/manifesta.cat\/index.php?rest_route=\/wp\/v2\/pages\/2\/revisions\/92"}],"wp:attachment":[{"href":"https:\/\/manifesta.cat\/index.php?rest_route=%2Fwp%2Fv2%2Fmedia&parent=2"}],"curies":[{"name":"wp","href":"https:\/\/api.w.org\/{rel}","templated":true}]}}

<div class="gb-element-bbb73df4" style="--inline-bg-image: url(https://manifesta.cat/wp-content/uploads/2026/01/allison-christine-vPrqHSLdF28-unsplash-scaled.jpg)">
<h1 class="gb-text gb-text-c6f70d0a">manifesta</h1>
</div>



<div class="gb-element-696d0acb">
<div class="gb-element-bde9c12e">
<div class="gb-element-1ae42035">
<h3 class="gb-text">Reserva la teva cita!</h3>



<h4 class="gb-text-cb6ad2e9"><span class="gb-shape"><svg aria-hidden="true" role="img" height="1em" width="1em" viewBox="0 0 448 512" xmlns="http://www.w3.org/2000/svg"><path fill="currentColor" d="M380.9 97.1C339 55.1 283.2 32 223.9 32c-122.4 0-222 99.6-222 222 0 39.1 10.2 77.3 29.6 111L0 480l117.7-30.9c32.4 17.7 68.9 27 106.1 27h.1c122.3 0 224.1-99.6 224.1-222 0-59.3-25.2-115-67.1-157zm-157 341.6c-33.2 0-65.7-8.9-94-25.7l-6.7-4-69.8 18.3L72 359.2l-4.4-7c-18.5-29.4-28.2-63.3-28.2-98.2 0-101.7 82.8-184.5 184.6-184.5 49.3 0 95.6 19.2 130.4 54.1 34.8 34.9 56.2 81.2 56.1 130.5 0 101.8-84.9 184.6-186.6 184.6zm101.2-138.2c-5.5-2.8-32.8-16.2-37.9-18-5.1-1.9-8.8-2.8-12.5 2.8-3.7 5.6-14.3 18-17.6 21.8-3.2 3.7-6.5 4.2-12 1.4-32.6-16.3-54-29.1-75.5-66-5.7-9.8 5.7-9.1 16.3-30.3 1.8-3.7.9-6.9-.5-9.7-1.4-2.8-12.5-30.1-17.1-41.2-4.5-10.8-9.1-9.3-12.5-9.5-3.2-.2-6.9-.2-10.6-.2-3.7 0-9.7 1.4-14.8 6.9-5.1 5.6-19.4 19-19.4 46.3 0 27.3 19.9 53.7 22.6 57.4 2.8 3.7 39.1 59.7 94.8 83.8 35.2 15.2 49 16.5 66.6 13.9 10.7-1.6 32.8-13.4 37.4-26.4 4.6-13 4.6-24.1 3.2-26.4-1.3-2.5-5-3.9-10.5-6.6z"></path></svg></span><span class="gb-text"><a href="https://wa.me/34613388936">+34 613 38 89 36</a></span></h4>
</div>
</div>



<div class="gb-element-0667de99">
<h1 class="gb-text gb-text-56e7aa0c">Creiem que la manicura és més que una simple rutina de bellesa. </h1>



<h2 class="gb-text gb-text-6e96cc6a">És un moment per gaudir de la qualitat, un detall que reflecteix la teva personalitat. </h2>



<h3 class="gb-text gb-text-9b3927d6">Ens centrem en cada línia, cada detall, per oferir-te un servei impecable, on la delicadesa es combina amb l&#8217;audàcia de l&#8217;estil. <br>No busquem la rapidesa, sinó l&#8217;excel·lència en cada un dels nostres serveis, perquè les teves mans mereixen el millor.</h3>
</div>
</div>

<p>manifesta Reserva la teva cita! +34 613 38 89 36 Creiem que la manicura és més que una simple rutina de bellesa. És un moment per gaudir de la qualitat, un detall que reflecteix la teva personalitat. Ens centrem en cada línia, cada detall, per oferir-te un servei impecable, on la delicadesa es combina amb &#8230; <a title="manicura" class="read-more" href="https://manifesta.cat/" aria-label="Més informació sobre manicura">Llegiu més</a></p>
